{"id":99,"date":"2024-03-01T11:34:09","date_gmt":"2024-03-01T10:34:09","guid":{"rendered":"https:\/\/voiceproject.eu\/?page_id=99"},"modified":"2024-03-12T10:51:03","modified_gmt":"2024-03-12T09:51:03","slug":"0-giving-a-voice-to-the-deaf-by-developing-awareness-of-voice-to-text-recognition-capabilities","status":"publish","type":"page","link":"https:\/\/voiceproject.eu\/","title":{"rendered":"Il Sito Web del Progetto VOICE su VoiceProject.eu"},"content":{"rendered":"<div class=\"wp-block-image\">\n<figure class=\"aligncenter size-full\"><img loading=\"lazy\" decoding=\"async\" width=\"600\" height=\"192\" src=\"https:\/\/voiceproject.eu\/wp-content\/uploads\/2024\/03\/welcome_600.jpg\" alt=\"\" class=\"wp-image-101\" srcset=\"https:\/\/voiceproject.eu\/wp-content\/uploads\/2024\/03\/welcome_600.jpg 600w, https:\/\/voiceproject.eu\/wp-content\/uploads\/2024\/03\/welcome_600-300x96.jpg 300w\" sizes=\"auto, (max-width: 600px) 100vw, 600px\" \/><\/figure>\n<\/div>\n\n\n<p><br>Il Sito Web del Progetto VOICE \u00e8 stato sviluppato e gestito, dal suo inizio nel 1996 fino alla conferenza conclusiva dell&#8217;Anno Europeo delle Persone con Disabilit\u00e0 2003, dal coordinatore del Progetto, funzionario del <strong>Centro Comune di Ricerca della CE<\/strong>.<br>Con tale ruolo egli ha effettuato qualche aggiornamento successivo, mentre dal 2012 cura degli aggiornamenti occasionali a titolo privato, con l&#8217;accordo della CE, al fine di <strong>salvaguardare la memoria storica<\/strong> di un&#8217;azione di sensibilizzazione particolarmente significativa. Pertanto non \u00e8 prevista una revisione del <strong><mark style=\"background-color:#8ed1fc\" class=\"has-inline-color has-black-color\">Sito Storico<\/mark><\/strong>, ma un graduale aggiornamento degli indici in queste pagine introduttive del <strong><mark style=\"background-color:#8ed1fc\" class=\"has-inline-color has-black-color\">Sito <\/mark><\/strong>per valorizzare i contributi di maggiore interesse <strong><mark style=\"background-color:#8ed1fc\" class=\"has-inline-color\">attuale<\/mark><\/strong>.<\/p>\n\n\n\n<p><strong><mark style=\"background-color:#8ed1fc\" class=\"has-inline-color\">Nel Sito Storico non vi sono dei link verso il Sito Attuale: \u00e8 consigliabile aprire i link in nuove finestre.<\/mark><\/strong><\/p>\n\n\n\n<p>Dal 1996, all&#8217;interno del Centro Comune di Ricerca della Commissione Europea (Ispra Varese), il Progetto VOICE ha contribuito allo studio, allo sviluppo ed alla diffusione di ausili che potessero consentire agli audiolesi di divenire membri pi\u00f9 attivi della nostra societ\u00e0.<br>Dopo due anni, patrocinato e finanziato dalla <strong>Direzione Generale Societ\u00e0 dell&#8217;Informazione della CE<\/strong>, \u00e8 nato un <strong>sistema di riconoscimento vocale in grado di sottotitolare, in tempo reale,<\/strong> conferenze, lezioni scolastiche e universitarie, conversazioni telefoniche, trasmissioni e spettacoli dal vivo. <strong>Il prototipo dimostrativo <\/strong>del Progetto ha riscosso un&#8217;attenzione particolare e, grazie alla sua <strong>presentazione ed utilizzo in oltre cento conferenze e seminari<\/strong>, \u00e8 riuscito a sensibilizzare il pubblico sulle esigenze degli audiolesi e sulla necessit\u00e0 di applicare tale software in tutti i settori possibili.<br>A questo primo successo hanno fatto seguito numerose collaborazioni con gli interlocutori pi\u00f9 vari: nel 2001-2002, con <strong>l&#8217;Unione Europea delle Televisioni e l&#8217;organismo di standardizzazione CENELEC<\/strong>, si \u00e8 lavorato all&#8217;armonizzazione dei criteri di produzione dei <strong>sottotitoli televisivi<\/strong>; con la RAI ed altre emittenti televisive, al potenziamento del servizio sottotitoli del televideo; con le associazioni di audiolesi, le scuole e gli atenei, alla sperimentazione del sistema.<br>Dopo un&#8217;enfasi particolare in concomitanza con <strong>l&#8217;Anno Europeo delle Persone con Disabilit\u00e0 2003<\/strong>, nel 2004 sono state intraprese diverse iniziative per diffondere tali applicazioni ulteriormente. Successivamente sono stati allo studio vari progetti con l&#8217;obiettivo di far progredire la ricerca verso la realizzazione di strumenti in grado di colmare sempre pi\u00f9 il divario sociale esistente tra i diversamente abili, in particolare i non udenti e i non vedenti, ed il resto della popolazione, grazie ad applicazioni utili per tutti i cittadini.<\/p>\n","protected":false},"excerpt":{"rendered":"<p>Il Sito Web del Progetto VOICE \u00e8 stato sviluppato e gestito, dal suo inizio nel 1996 fino alla conferenza conclusiva dell&#8217;Anno Europeo delle Persone con&hellip;<\/p>\n","protected":false},"author":1,"featured_media":0,"parent":0,"menu_order":0,"comment_status":"closed","ping_status":"closed","template":"","meta":{"footnotes":""},"class_list":["post-99","page","type-page","status-publish","hentry"],"_links":{"self":[{"href":"https:\/\/voiceproject.eu\/index.php\/wp-json\/wp\/v2\/pages\/99","targetHints":{"allow":["GET"]}}],"collection":[{"href":"https:\/\/voiceproject.eu\/index.php\/wp-json\/wp\/v2\/pages"}],"about":[{"href":"https:\/\/voiceproject.eu\/index.php\/wp-json\/wp\/v2\/types\/page"}],"author":[{"embeddable":true,"href":"https:\/\/voiceproject.eu\/index.php\/wp-json\/wp\/v2\/users\/1"}],"replies":[{"embeddable":true,"href":"https:\/\/voiceproject.eu\/index.php\/wp-json\/wp\/v2\/comments?post=99"}],"version-history":[{"count":15,"href":"https:\/\/voiceproject.eu\/index.php\/wp-json\/wp\/v2\/pages\/99\/revisions"}],"predecessor-version":[{"id":230,"href":"https:\/\/voiceproject.eu\/index.php\/wp-json\/wp\/v2\/pages\/99\/revisions\/230"}],"wp:attachment":[{"href":"https:\/\/voiceproject.eu\/index.php\/wp-json\/wp\/v2\/media?parent=99"}],"curies":[{"name":"wp","href":"https:\/\/api.w.org\/{rel}","templated":true}]}}